{"id":146,"date":"2025-12-17T21:23:39","date_gmt":"2025-12-17T20:23:39","guid":{"rendered":"https:\/\/nouveau.leglacierdesaravis.com\/?page_id=146"},"modified":"2025-12-17T21:36:53","modified_gmt":"2025-12-17T20:36:53","slug":"noel","status":"publish","type":"page","link":"https:\/\/nouveau.leglacierdesaravis.com\/index.php\/noel\/","title":{"rendered":"No\u00ebl"},"content":{"rendered":"\n<div class=\"wp-block-cover is-light\"><img loading=\"lazy\" decoding=\"async\" width=\"1024\" height=\"769\" class=\"wp-block-cover__image-background wp-image-148 size-large\" alt=\"\" src=\"https:\/\/nouveau.leglacierdesaravis.com\/wp-content\/uploads\/2025\/12\/2025-11-Photos-3-buches-2-1024x769.jpg\" data-object-fit=\"cover\" srcset=\"https:\/\/nouveau.leglacierdesaravis.com\/wp-content\/uploads\/2025\/12\/2025-11-Photos-3-buches-2-1024x769.jpg 1024w, https:\/\/nouveau.leglacierdesaravis.com\/wp-content\/uploads\/2025\/12\/2025-11-Photos-3-buches-2-300x225.jpg 300w, https:\/\/nouveau.leglacierdesaravis.com\/wp-content\/uploads\/2025\/12\/2025-11-Photos-3-buches-2-768x577.jpg 768w, https:\/\/nouveau.leglacierdesaravis.com\/wp-content\/uploads\/2025\/12\/2025-11-Photos-3-buches-2-1536x1154.jpg 1536w, https:\/\/nouveau.leglacierdesaravis.com\/wp-content\/uploads\/2025\/12\/2025-11-Photos-3-buches-2-2048x1539.jpg 2048w\" sizes=\"auto, (max-width: 1024px) 100vw, 1024px\" \/><span aria-hidden=\"true\" class=\"wp-block-cover__background has-background-dim\" style=\"background-color:#a6a29e\"><\/span><div class=\"wp-block-cover__inner-container is-layout-constrained wp-block-cover-is-layout-constrained\">\n<h1 class=\"wp-block-heading has-text-align-center has-palette-color-8-color has-text-color has-link-color wp-elements-2deb66167e570e44c414b1a41330a00d\" style=\"font-size:clamp(33.419px, 2.089rem + ((1vw - 3.2px) * 2.077), 60px);\">Les B\u00fbches 2025 !<\/h1>\n\n\n\n<p class=\"has-text-align-center has-palette-color-8-color has-text-color has-link-color wp-elements-b485eb4c8d2b16546b9e8097a62ea840\">D\u00e9couvrez toutes les b\u00fbches pour No\u00ebl 2025 ! <\/p>\n<\/div><\/div>\n\n\n\n<div class=\"wp-block-columns is-layout-flex wp-container-core-columns-is-layout-28f84493 wp-block-columns-is-layout-flex\">\n<div class=\"wp-block-column is-vertically-aligned-top has-palette-color-8-color has-palette-color-1-background-color has-text-color has-background has-link-color wp-elements-1d6284089c438c65b286a376bea03750 is-layout-flow wp-container-core-column-is-layout-5d74e79f wp-block-column-is-layout-flow\" style=\"border-radius:36px;padding-top:90px;padding-right:20px;padding-bottom:90px;padding-left:20px;flex-basis:33.33%\">\n<h2 class=\"wp-block-heading has-text-align-center has-palette-color-2-color has-text-color has-link-color wp-elements-fe0f8cbdc78418d57921ed4674f335bd\">La Myrtille<\/h2>\n\n\n\n<p class=\"has-text-align-center\"><br>Le croquant de son sabl\u00e9 breton et de son coeur meringu\u00e9<br>d\u00e9licatement associ\u00e9s \u00e0 la cr\u00e8me glac\u00e9e vanille et au sorbet<br>myrtille. L\u2019ensemble se d\u00e9voile sous un napage d\u00e9cor\u00e9 de myrtilles<br>des Aravis et de morceaux de meringue.<br><br><\/p>\n\n\n\n<p class=\"has-text-align-center\">Tarifs : <br>B\u00fbchette : 11\u20ac &#8211; 4 pers. : 22\u20ac &#8211; 6 pers. : 30\u20ac<br><br><\/p>\n\n\n\n<p><\/p>\n<\/div>\n\n\n\n<div class=\"wp-block-column is-layout-flow wp-block-column-is-layout-flow\" style=\"flex-basis:66.66%\">\n<figure class=\"wp-block-image alignright size-large is-resized\"><img loading=\"lazy\" decoding=\"async\" width=\"699\" height=\"1024\" src=\"https:\/\/nouveau.leglacierdesaravis.com\/wp-content\/uploads\/2025\/12\/20251127_Buche-Myrtille-4-699x1024.jpg\" alt=\"\" class=\"wp-image-152\" style=\"width:643px;height:auto\" srcset=\"https:\/\/nouveau.leglacierdesaravis.com\/wp-content\/uploads\/2025\/12\/20251127_Buche-Myrtille-4-699x1024.jpg 699w, https:\/\/nouveau.leglacierdesaravis.com\/wp-content\/uploads\/2025\/12\/20251127_Buche-Myrtille-4-205x300.jpg 205w, https:\/\/nouveau.leglacierdesaravis.com\/wp-content\/uploads\/2025\/12\/20251127_Buche-Myrtille-4-768x1125.jpg 768w, https:\/\/nouveau.leglacierdesaravis.com\/wp-content\/uploads\/2025\/12\/20251127_Buche-Myrtille-4-1049x1536.jpg 1049w, https:\/\/nouveau.leglacierdesaravis.com\/wp-content\/uploads\/2025\/12\/20251127_Buche-Myrtille-4-1398x2048.jpg 1398w, https:\/\/nouveau.leglacierdesaravis.com\/wp-content\/uploads\/2025\/12\/20251127_Buche-Myrtille-4-scaled.jpg 1748w\" sizes=\"auto, (max-width: 699px) 100vw, 699px\" \/><\/figure>\n<\/div>\n<\/div>\n\n\n\n<div class=\"wp-block-columns is-layout-flex wp-container-core-columns-is-layout-28f84493 wp-block-columns-is-layout-flex\">\n<div class=\"wp-block-column is-layout-flow wp-block-column-is-layout-flow\" style=\"flex-basis:66.66%\">\n<figure class=\"wp-block-image alignleft size-large is-resized\"><img loading=\"lazy\" decoding=\"async\" width=\"577\" height=\"1024\" src=\"https:\/\/nouveau.leglacierdesaravis.com\/wp-content\/uploads\/2025\/12\/2025-12-03-Buche-Erable-1-577x1024.jpg\" alt=\"\" class=\"wp-image-151\" style=\"aspect-ratio:0.5634887880038519;width:517px;height:auto\" srcset=\"https:\/\/nouveau.leglacierdesaravis.com\/wp-content\/uploads\/2025\/12\/2025-12-03-Buche-Erable-1-577x1024.jpg 577w, https:\/\/nouveau.leglacierdesaravis.com\/wp-content\/uploads\/2025\/12\/2025-12-03-Buche-Erable-1-169x300.jpg 169w, https:\/\/nouveau.leglacierdesaravis.com\/wp-content\/uploads\/2025\/12\/2025-12-03-Buche-Erable-1-768x1364.jpg 768w, https:\/\/nouveau.leglacierdesaravis.com\/wp-content\/uploads\/2025\/12\/2025-12-03-Buche-Erable-1-865x1536.jpg 865w, https:\/\/nouveau.leglacierdesaravis.com\/wp-content\/uploads\/2025\/12\/2025-12-03-Buche-Erable-1-1153x2048.jpg 1153w, https:\/\/nouveau.leglacierdesaravis.com\/wp-content\/uploads\/2025\/12\/2025-12-03-Buche-Erable-1-scaled.jpg 1441w\" sizes=\"auto, (max-width: 577px) 100vw, 577px\" \/><\/figure>\n<\/div>\n\n\n\n<div class=\"wp-block-column has-palette-color-1-background-color has-background is-layout-flow wp-container-core-column-is-layout-347038d4 wp-block-column-is-layout-flow\" style=\"border-radius:36px;padding-top:120px;padding-right:20px;padding-bottom:120px;padding-left:20px;flex-basis:33.33%\">\n<h2 class=\"wp-block-heading has-text-align-center has-palette-color-2-color has-text-color has-link-color wp-elements-8b31b327930d76d32bb3c218349e7ee3\">L&rsquo;Erable<\/h2>\n\n\n\n<p class=\"has-text-align-center has-palette-color-8-color has-text-color has-link-color wp-elements-40c0d050cc2a364d00a8d4dd2096cb5b\">Des brisures de chocolat et la finesse de son nappage \u00e0 l\u2019\u00e9rable<br>dissimulent l\u2019accord entre les cr\u00e8mes glac\u00e9es marron et vanille<br>avec le croquant de son sabl\u00e9 breton et une g\u00e9n\u00e9reuse meringue<br>\u00e0 l\u2019\u00e9rable.<br><br>Tarifs : <br>B\u00fbchette : 11\u20ac &#8211; 4 pers. : 22\u20ac &#8211; 6 pers. : 30\u20ac<br><\/p>\n\n\n\n<p><\/p>\n<\/div>\n<\/div>\n\n\n\n<div class=\"wp-block-columns is-layout-flex wp-container-core-columns-is-layout-28f84493 wp-block-columns-is-layout-flex\">\n<div class=\"wp-block-column has-palette-color-1-background-color has-background is-layout-flow wp-container-core-column-is-layout-e059a3f6 wp-block-column-is-layout-flow\" style=\"border-top-left-radius:36px;border-top-right-radius:36px;border-bottom-left-radius:36px;border-bottom-right-radius:36px;padding-top:120px;padding-right:20px;padding-bottom:120px;padding-left:20px;flex-basis:33.33%\">\n<h2 class=\"wp-block-heading has-text-align-center has-palette-color-2-color has-text-color has-link-color wp-elements-94c5e1570aa9b118f9d369b18823d7de\">L&rsquo;Exotique<\/h2>\n\n\n\n<p class=\"has-text-align-center has-palette-color-8-color has-text-color has-link-color wp-elements-5d79305a5232c7d52c89a8e80bfa6284\">Une g\u00e9noise moelleuse accueille les sorbets mangue et litchi et le croquant de son c\u0153ur  meringu\u00e9. L\u2019ensemble est enrob\u00e9 d\u2019une meringue aux fruits de la passion.<br><\/p>\n\n\n\n<p class=\"has-text-align-center has-palette-color-8-color has-text-color has-link-color wp-elements-5ef3242feeae6c1b18d8244399e59d62\">Tarifs : <br>B\u00fbchette : 11\u20ac &#8211; 4 pers. : 20\u20ac &#8211; 6 pers. : 28\u20ac<br><\/p>\n\n\n\n<p><\/p>\n<\/div>\n\n\n\n<div class=\"wp-block-column is-layout-flow wp-block-column-is-layout-flow\" style=\"flex-basis:66.66%\">\n<figure class=\"wp-block-image aligncenter size-full is-resized\"><img loading=\"lazy\" decoding=\"async\" width=\"480\" height=\"640\" src=\"https:\/\/nouveau.leglacierdesaravis.com\/wp-content\/uploads\/2025\/12\/2025-11-Photos-Buche-Exotique-3-rotated.jpg\" alt=\"\" class=\"wp-image-153\" style=\"width:474px;height:auto\" srcset=\"https:\/\/nouveau.leglacierdesaravis.com\/wp-content\/uploads\/2025\/12\/2025-11-Photos-Buche-Exotique-3-rotated.jpg 480w, https:\/\/nouveau.leglacierdesaravis.com\/wp-content\/uploads\/2025\/12\/2025-11-Photos-Buche-Exotique-3-225x300.jpg 225w\" sizes=\"auto, (max-width: 480px) 100vw, 480px\" \/><\/figure>\n<\/div>\n<\/div>\n\n\n\n<div class=\"wp-block-buttons is-content-justification-center is-layout-flex wp-container-core-buttons-is-layout-a89b3969 wp-block-buttons-is-layout-flex\">\n<div class=\"wp-block-button\"><a class=\"wp-block-button__link has-text-align-center wp-element-button\" href=\"https:\/\/nouveau.leglacierdesaravis.com\/index.php\/contact\/\">Reserver d\u00e8s maintenant ! <\/a><\/div>\n<\/div>\n\n\n\n<p><\/p>\n","protected":false},"excerpt":{"rendered":"<p>La Myrtille Le croquant de son sabl\u00e9 breton et de son coeur meringu\u00e9d\u00e9licatement associ\u00e9s \u00e0 la cr\u00e8me glac\u00e9e vanille et au sorbetmyrtille. L\u2019ensemble se d\u00e9voile sous un napage d\u00e9cor\u00e9 de myrtillesdes Aravis et de morceaux de meringue. Tarifs : B\u00fbchette : 11\u20ac &#8211; 4 pers. : 22\u20ac &#8211; 6 pers. : 30\u20ac L&rsquo;Erable Des brisures [&hellip;]<\/p>\n","protected":false},"author":1,"featured_media":0,"parent":0,"menu_order":0,"comment_status":"closed","ping_status":"closed","template":"","meta":{"footnotes":""},"class_list":["post-146","page","type-page","status-publish","hentry"],"blocksy_meta":{"has_hero_section":"disabled","styles_descriptor":{"styles":{"desktop":"","tablet":"","mobile":""},"google_fonts":[],"version":6}},"_links":{"self":[{"href":"https:\/\/nouveau.leglacierdesaravis.com\/index.php\/wp-json\/wp\/v2\/pages\/146","targetHints":{"allow":["GET"]}}],"collection":[{"href":"https:\/\/nouveau.leglacierdesaravis.com\/index.php\/wp-json\/wp\/v2\/pages"}],"about":[{"href":"https:\/\/nouveau.leglacierdesaravis.com\/index.php\/wp-json\/wp\/v2\/types\/page"}],"author":[{"embeddable":true,"href":"https:\/\/nouveau.leglacierdesaravis.com\/index.php\/wp-json\/wp\/v2\/users\/1"}],"replies":[{"embeddable":true,"href":"https:\/\/nouveau.leglacierdesaravis.com\/index.php\/wp-json\/wp\/v2\/comments?post=146"}],"version-history":[{"count":4,"href":"https:\/\/nouveau.leglacierdesaravis.com\/index.php\/wp-json\/wp\/v2\/pages\/146\/revisions"}],"predecessor-version":[{"id":160,"href":"https:\/\/nouveau.leglacierdesaravis.com\/index.php\/wp-json\/wp\/v2\/pages\/146\/revisions\/160"}],"wp:attachment":[{"href":"https:\/\/nouveau.leglacierdesaravis.com\/index.php\/wp-json\/wp\/v2\/media?parent=146"}],"curies":[{"name":"wp","href":"https:\/\/api.w.org\/{rel}","templated":true}]}}

Noël

<div class="wp-block-cover is-light"><img loading="lazy" decoding="async" width="1024" height="769" class="wp-block-cover__image-background wp-image-148 size-large" alt="" src="https://nouveau.leglacierdesaravis.com/wp-content/uploads/2025/12/2025-11-Photos-3-buches-2-1024x769.jpg" data-object-fit="cover" srcset="https://nouveau.leglacierdesaravis.com/wp-content/uploads/2025/12/2025-11-Photos-3-buches-2-1024x769.jpg 1024w, https://nouveau.leglacierdesaravis.com/wp-content/uploads/2025/12/2025-11-Photos-3-buches-2-300x225.jpg 300w, https://nouveau.leglacierdesaravis.com/wp-content/uploads/2025/12/2025-11-Photos-3-buches-2-768x577.jpg 768w, https://nouveau.leglacierdesaravis.com/wp-content/uploads/2025/12/2025-11-Photos-3-buches-2-1536x1154.jpg 1536w, https://nouveau.leglacierdesaravis.com/wp-content/uploads/2025/12/2025-11-Photos-3-buches-2-2048x1539.jpg 2048w" sizes="auto, (max-width: 1024px) 100vw, 1024px" /><span aria-hidden="true" class="wp-block-cover__background has-background-dim" style="background-color:#a6a29e"></span><div class="wp-block-cover__inner-container is-layout-constrained wp-block-cover-is-layout-constrained">
<h1 class="wp-block-heading has-text-align-center has-palette-color-8-color has-text-color has-link-color wp-elements-2deb66167e570e44c414b1a41330a00d" style="font-size:clamp(33.419px, 2.089rem + ((1vw - 3.2px) * 2.077), 60px);">Les Bûches 2025 !</h1>



<p class="has-text-align-center has-palette-color-8-color has-text-color has-link-color wp-elements-b485eb4c8d2b16546b9e8097a62ea840">Découvrez toutes les bûches pour Noël 2025 ! </p>
</div></div>



<div class="wp-block-columns is-layout-flex wp-container-core-columns-is-layout-28f84493 wp-block-columns-is-layout-flex">
<div class="wp-block-column is-vertically-aligned-top has-palette-color-8-color has-palette-color-1-background-color has-text-color has-background has-link-color wp-elements-1d6284089c438c65b286a376bea03750 is-layout-flow wp-container-core-column-is-layout-5d74e79f wp-block-column-is-layout-flow" style="border-radius:36px;padding-top:90px;padding-right:20px;padding-bottom:90px;padding-left:20px;flex-basis:33.33%">
<h2 class="wp-block-heading has-text-align-center has-palette-color-2-color has-text-color has-link-color wp-elements-fe0f8cbdc78418d57921ed4674f335bd">La Myrtille</h2>



<p class="has-text-align-center"><br>Le croquant de son sablé breton et de son coeur meringué<br>délicatement associés à la crème glacée vanille et au sorbet<br>myrtille. L’ensemble se dévoile sous un napage décoré de myrtilles<br>des Aravis et de morceaux de meringue.<br><br></p>



<p class="has-text-align-center">Tarifs : <br>Bûchette : 11€ &#8211; 4 pers. : 22€ &#8211; 6 pers. : 30€<br><br></p>



<p></p>
</div>



<div class="wp-block-column is-layout-flow wp-block-column-is-layout-flow" style="flex-basis:66.66%">
<figure class="wp-block-image alignright size-large is-resized"><img loading="lazy" decoding="async" width="699" height="1024" src="https://nouveau.leglacierdesaravis.com/wp-content/uploads/2025/12/20251127_Buche-Myrtille-4-699x1024.jpg" alt="" class="wp-image-152" style="width:643px;height:auto" srcset="https://nouveau.leglacierdesaravis.com/wp-content/uploads/2025/12/20251127_Buche-Myrtille-4-699x1024.jpg 699w, https://nouveau.leglacierdesaravis.com/wp-content/uploads/2025/12/20251127_Buche-Myrtille-4-205x300.jpg 205w, https://nouveau.leglacierdesaravis.com/wp-content/uploads/2025/12/20251127_Buche-Myrtille-4-768x1125.jpg 768w, https://nouveau.leglacierdesaravis.com/wp-content/uploads/2025/12/20251127_Buche-Myrtille-4-1049x1536.jpg 1049w, https://nouveau.leglacierdesaravis.com/wp-content/uploads/2025/12/20251127_Buche-Myrtille-4-1398x2048.jpg 1398w, https://nouveau.leglacierdesaravis.com/wp-content/uploads/2025/12/20251127_Buche-Myrtille-4-scaled.jpg 1748w" sizes="auto, (max-width: 699px) 100vw, 699px" /></figure>
</div>
</div>



<div class="wp-block-columns is-layout-flex wp-container-core-columns-is-layout-28f84493 wp-block-columns-is-layout-flex">
<div class="wp-block-column is-layout-flow wp-block-column-is-layout-flow" style="flex-basis:66.66%">
<figure class="wp-block-image alignleft size-large is-resized"><img loading="lazy" decoding="async" width="577" height="1024" src="https://nouveau.leglacierdesaravis.com/wp-content/uploads/2025/12/2025-12-03-Buche-Erable-1-577x1024.jpg" alt="" class="wp-image-151" style="aspect-ratio:0.5634887880038519;width:517px;height:auto" srcset="https://nouveau.leglacierdesaravis.com/wp-content/uploads/2025/12/2025-12-03-Buche-Erable-1-577x1024.jpg 577w, https://nouveau.leglacierdesaravis.com/wp-content/uploads/2025/12/2025-12-03-Buche-Erable-1-169x300.jpg 169w, https://nouveau.leglacierdesaravis.com/wp-content/uploads/2025/12/2025-12-03-Buche-Erable-1-768x1364.jpg 768w, https://nouveau.leglacierdesaravis.com/wp-content/uploads/2025/12/2025-12-03-Buche-Erable-1-865x1536.jpg 865w, https://nouveau.leglacierdesaravis.com/wp-content/uploads/2025/12/2025-12-03-Buche-Erable-1-1153x2048.jpg 1153w, https://nouveau.leglacierdesaravis.com/wp-content/uploads/2025/12/2025-12-03-Buche-Erable-1-scaled.jpg 1441w" sizes="auto, (max-width: 577px) 100vw, 577px" /></figure>
</div>



<div class="wp-block-column has-palette-color-1-background-color has-background is-layout-flow wp-container-core-column-is-layout-347038d4 wp-block-column-is-layout-flow" style="border-radius:36px;padding-top:120px;padding-right:20px;padding-bottom:120px;padding-left:20px;flex-basis:33.33%">
<h2 class="wp-block-heading has-text-align-center has-palette-color-2-color has-text-color has-link-color wp-elements-8b31b327930d76d32bb3c218349e7ee3">L&rsquo;Erable</h2>



<p class="has-text-align-center has-palette-color-8-color has-text-color has-link-color wp-elements-40c0d050cc2a364d00a8d4dd2096cb5b">Des brisures de chocolat et la finesse de son nappage à l’érable<br>dissimulent l’accord entre les crèmes glacées marron et vanille<br>avec le croquant de son sablé breton et une généreuse meringue<br>à l’érable.<br><br>Tarifs : <br>Bûchette : 11€ &#8211; 4 pers. : 22€ &#8211; 6 pers. : 30€<br></p>



<p></p>
</div>
</div>



<div class="wp-block-columns is-layout-flex wp-container-core-columns-is-layout-28f84493 wp-block-columns-is-layout-flex">
<div class="wp-block-column has-palette-color-1-background-color has-background is-layout-flow wp-container-core-column-is-layout-e059a3f6 wp-block-column-is-layout-flow" style="border-top-left-radius:36px;border-top-right-radius:36px;border-bottom-left-radius:36px;border-bottom-right-radius:36px;padding-top:120px;padding-right:20px;padding-bottom:120px;padding-left:20px;flex-basis:33.33%">
<h2 class="wp-block-heading has-text-align-center has-palette-color-2-color has-text-color has-link-color wp-elements-94c5e1570aa9b118f9d369b18823d7de">L&rsquo;Exotique</h2>



<p class="has-text-align-center has-palette-color-8-color has-text-color has-link-color wp-elements-5d79305a5232c7d52c89a8e80bfa6284">Une génoise moelleuse accueille les sorbets mangue et litchi et le croquant de son cœur  meringué. L’ensemble est enrobé d’une meringue aux fruits de la passion.<br></p>



<p class="has-text-align-center has-palette-color-8-color has-text-color has-link-color wp-elements-5ef3242feeae6c1b18d8244399e59d62">Tarifs : <br>Bûchette : 11€ &#8211; 4 pers. : 20€ &#8211; 6 pers. : 28€<br></p>



<p></p>
</div>



<div class="wp-block-column is-layout-flow wp-block-column-is-layout-flow" style="flex-basis:66.66%">
<figure class="wp-block-image aligncenter size-full is-resized"><img loading="lazy" decoding="async" width="480" height="640" src="https://nouveau.leglacierdesaravis.com/wp-content/uploads/2025/12/2025-11-Photos-Buche-Exotique-3-rotated.jpg" alt="" class="wp-image-153" style="width:474px;height:auto" srcset="https://nouveau.leglacierdesaravis.com/wp-content/uploads/2025/12/2025-11-Photos-Buche-Exotique-3-rotated.jpg 480w, https://nouveau.leglacierdesaravis.com/wp-content/uploads/2025/12/2025-11-Photos-Buche-Exotique-3-225x300.jpg 225w" sizes="auto, (max-width: 480px) 100vw, 480px" /></figure>
</div>
</div>



<div class="wp-block-buttons is-content-justification-center is-layout-flex wp-container-core-buttons-is-layout-a89b3969 wp-block-buttons-is-layout-flex">
<div class="wp-block-button"><a class="wp-block-button__link has-text-align-center wp-element-button" href="https://nouveau.leglacierdesaravis.com/index.php/contact/">Reserver dès maintenant ! </a></div>
</div>



<p></p>

<p>La Myrtille Le croquant de son sablé breton et de son coeur meringuédélicatement associés à la crème glacée vanille et au sorbetmyrtille. L’ensemble se dévoile sous un napage décoré de myrtillesdes Aravis et de morceaux de meringue. Tarifs : Bûchette : 11€ &#8211; 4 pers. : 22€ &#8211; 6 pers. : 30€ L&rsquo;Erable Des brisures [&hellip;]</p>
