{"id":12,"date":"2025-10-09T21:16:58","date_gmt":"2025-10-09T19:16:58","guid":{"rendered":"https:\/\/nouveau.leglacierdesaravis.com\/?page_id=12"},"modified":"2025-12-17T23:47:06","modified_gmt":"2025-12-17T22:47:06","slug":"les-creations","status":"publish","type":"page","link":"https:\/\/nouveau.leglacierdesaravis.com\/index.php\/les-creations\/","title":{"rendered":"Les Cr\u00e9ations"},"content":{"rendered":"\n<div class=\"wp-block-cover\"><img loading=\"lazy\" decoding=\"async\" width=\"1024\" height=\"683\" class=\"wp-block-cover__image-background wp-image-64 size-large\" alt=\"\" src=\"https:\/\/nouveau.leglacierdesaravis.com\/wp-content\/uploads\/2025\/10\/2025-Fruits-Glace-Myrtille-1024x683.jpg\" data-object-fit=\"cover\" srcset=\"https:\/\/nouveau.leglacierdesaravis.com\/wp-content\/uploads\/2025\/10\/2025-Fruits-Glace-Myrtille-1024x683.jpg 1024w, https:\/\/nouveau.leglacierdesaravis.com\/wp-content\/uploads\/2025\/10\/2025-Fruits-Glace-Myrtille-300x200.jpg 300w, https:\/\/nouveau.leglacierdesaravis.com\/wp-content\/uploads\/2025\/10\/2025-Fruits-Glace-Myrtille-768x512.jpg 768w, https:\/\/nouveau.leglacierdesaravis.com\/wp-content\/uploads\/2025\/10\/2025-Fruits-Glace-Myrtille-1536x1024.jpg 1536w, https:\/\/nouveau.leglacierdesaravis.com\/wp-content\/uploads\/2025\/10\/2025-Fruits-Glace-Myrtille-2048x1365.jpg 2048w\" sizes=\"auto, (max-width: 1024px) 100vw, 1024px\" \/><span aria-hidden=\"true\" class=\"wp-block-cover__background has-background-dim\" style=\"background-color:#807f80\"><\/span><div class=\"wp-block-cover__inner-container is-layout-constrained wp-block-cover-is-layout-constrained\">\n<h1 class=\"wp-block-heading has-text-align-center has-palette-color-8-color has-text-color has-link-color wp-elements-e9e2532d62e75b95f4ef2954b88fa492\" style=\"font-size:clamp(33.419px, 2.089rem + ((1vw - 3.2px) * 2.077), 60px);\">Les Cr\u00e9ations<\/h1>\n\n\n\n<p class=\"has-text-align-center\">J\u2019imagine et je fabrique chaque cr\u00e9ation moi-m\u00eame, avec des ingr\u00e9dients naturels et tout mon savoir-faire d\u2019artisan glacier.<\/p>\n\n\n\n<blockquote class=\"wp-block-quote is-layout-flow wp-block-quote-is-layout-flow\">\n<p><\/p>\n<\/blockquote>\n<\/div><\/div>\n\n\n\n<div class=\"wp-block-columns is-layout-flex wp-container-core-columns-is-layout-28f84493 wp-block-columns-is-layout-flex\">\n<div class=\"wp-block-column is-layout-flow wp-block-column-is-layout-flow\">\n<figure class=\"wp-block-image size-large\"><img loading=\"lazy\" decoding=\"async\" width=\"768\" height=\"1024\" src=\"https:\/\/nouveau.leglacierdesaravis.com\/wp-content\/uploads\/2025\/10\/Ballotin-chocolats-768x1024.jpg\" alt=\"\" class=\"wp-image-70\" srcset=\"https:\/\/nouveau.leglacierdesaravis.com\/wp-content\/uploads\/2025\/10\/Ballotin-chocolats-768x1024.jpg 768w, https:\/\/nouveau.leglacierdesaravis.com\/wp-content\/uploads\/2025\/10\/Ballotin-chocolats-225x300.jpg 225w, https:\/\/nouveau.leglacierdesaravis.com\/wp-content\/uploads\/2025\/10\/Ballotin-chocolats-1152x1536.jpg 1152w, https:\/\/nouveau.leglacierdesaravis.com\/wp-content\/uploads\/2025\/10\/Ballotin-chocolats.jpg 1200w\" sizes=\"auto, (max-width: 768px) 100vw, 768px\" \/><\/figure>\n\n\n\n<h2 class=\"wp-block-heading has-text-align-center\">Les Chocolats glac\u00e9s<\/h2>\n\n\n\n<p class=\"has-text-align-center\">Je cr\u00e9e chaque chocolat glac\u00e9 avec soin, pour marier finesse, onctuosit\u00e9 et gourmandise.<\/p>\n<\/div>\n\n\n\n<div class=\"wp-block-column is-layout-flow wp-block-column-is-layout-flow\">\n<figure class=\"wp-block-image size-large\"><img loading=\"lazy\" decoding=\"async\" width=\"768\" height=\"1024\" src=\"https:\/\/nouveau.leglacierdesaravis.com\/wp-content\/uploads\/2025\/10\/Cremes-glacees-768x1024.jpg\" alt=\"\" class=\"wp-image-72\" srcset=\"https:\/\/nouveau.leglacierdesaravis.com\/wp-content\/uploads\/2025\/10\/Cremes-glacees-768x1024.jpg 768w, https:\/\/nouveau.leglacierdesaravis.com\/wp-content\/uploads\/2025\/10\/Cremes-glacees-225x300.jpg 225w, https:\/\/nouveau.leglacierdesaravis.com\/wp-content\/uploads\/2025\/10\/Cremes-glacees-1152x1536.jpg 1152w, https:\/\/nouveau.leglacierdesaravis.com\/wp-content\/uploads\/2025\/10\/Cremes-glacees-1536x2048.jpg 1536w, https:\/\/nouveau.leglacierdesaravis.com\/wp-content\/uploads\/2025\/10\/Cremes-glacees-scaled.jpg 1920w\" sizes=\"auto, (max-width: 768px) 100vw, 768px\" \/><\/figure>\n\n\n\n<h2 class=\"wp-block-heading has-text-align-center\">Bacs de glace et sorbet<\/h2>\n\n\n\n<p class=\"has-text-align-center\">Mes glaces et sorbets sont faits maison, avec du lait frais des fermes locales et des fruits 100\u202f% naturels.<\/p>\n<\/div>\n\n\n\n<div class=\"wp-block-column is-layout-flow wp-block-column-is-layout-flow\">\n<figure class=\"wp-block-image size-large\"><img loading=\"lazy\" decoding=\"async\" width=\"768\" height=\"1024\" src=\"https:\/\/nouveau.leglacierdesaravis.com\/wp-content\/uploads\/2025\/10\/IMG_0783-768x1024.jpg\" alt=\"\" class=\"wp-image-73\" srcset=\"https:\/\/nouveau.leglacierdesaravis.com\/wp-content\/uploads\/2025\/10\/IMG_0783-768x1024.jpg 768w, https:\/\/nouveau.leglacierdesaravis.com\/wp-content\/uploads\/2025\/10\/IMG_0783-225x300.jpg 225w, https:\/\/nouveau.leglacierdesaravis.com\/wp-content\/uploads\/2025\/10\/IMG_0783-1152x1536.jpg 1152w, https:\/\/nouveau.leglacierdesaravis.com\/wp-content\/uploads\/2025\/10\/IMG_0783-1536x2048.jpg 1536w, https:\/\/nouveau.leglacierdesaravis.com\/wp-content\/uploads\/2025\/10\/IMG_0783-scaled.jpg 1920w\" sizes=\"auto, (max-width: 768px) 100vw, 768px\" \/><\/figure>\n\n\n\n<h2 class=\"wp-block-heading has-text-align-center\">Les Verrines glac\u00e9es<\/h2>\n\n\n\n<p class=\"has-text-align-center\">Je compose chaque verrine glac\u00e9e pour offrir un dessert pr\u00eat \u00e0 savourer, gourmand et \u00e9l\u00e9gant.<\/p>\n<\/div>\n<\/div>\n\n\n\n<div class=\"wp-block-columns is-layout-flex wp-container-core-columns-is-layout-28f84493 wp-block-columns-is-layout-flex\">\n<div class=\"wp-block-column is-layout-flow wp-block-column-is-layout-flow\">\n<div class=\"wp-block-columns is-layout-flex wp-container-core-columns-is-layout-28f84493 wp-block-columns-is-layout-flex\">\n<div class=\"wp-block-column is-layout-flow wp-block-column-is-layout-flow\" style=\"flex-basis:100%\">\n<figure class=\"wp-block-image size-large\"><img loading=\"lazy\" decoding=\"async\" width=\"577\" height=\"1024\" src=\"https:\/\/nouveau.leglacierdesaravis.com\/wp-content\/uploads\/2025\/10\/c42a3e01-3f95-4b26-b8ef-4d13ef507ced-577x1024.jpg\" alt=\"\" class=\"wp-image-78\" srcset=\"https:\/\/nouveau.leglacierdesaravis.com\/wp-content\/uploads\/2025\/10\/c42a3e01-3f95-4b26-b8ef-4d13ef507ced-577x1024.jpg 577w, https:\/\/nouveau.leglacierdesaravis.com\/wp-content\/uploads\/2025\/10\/c42a3e01-3f95-4b26-b8ef-4d13ef507ced-169x300.jpg 169w, https:\/\/nouveau.leglacierdesaravis.com\/wp-content\/uploads\/2025\/10\/c42a3e01-3f95-4b26-b8ef-4d13ef507ced.jpg 634w\" sizes=\"auto, (max-width: 577px) 100vw, 577px\" \/><\/figure>\n\n\n\n<h2 class=\"wp-block-heading has-text-align-center\">Vacherin<\/h2>\n\n\n\n<p>Je pr\u00e9pare chaque vacherin \u00e0 la main, en associant meringue croustillante, glace et sorbet et chantilly maison pour un dessert gourmand.<\/p>\n<\/div>\n<\/div>\n<\/div>\n\n\n\n<div class=\"wp-block-column is-layout-flow wp-block-column-is-layout-flow\">\n<figure class=\"wp-block-image size-large\"><img loading=\"lazy\" decoding=\"async\" width=\"768\" height=\"1024\" src=\"https:\/\/nouveau.leglacierdesaravis.com\/wp-content\/uploads\/2025\/10\/ada9f814-5e53-4740-88ef-6803a08bc244-768x1024.jpg\" alt=\"\" class=\"wp-image-77\" srcset=\"https:\/\/nouveau.leglacierdesaravis.com\/wp-content\/uploads\/2025\/10\/ada9f814-5e53-4740-88ef-6803a08bc244-768x1024.jpg 768w, https:\/\/nouveau.leglacierdesaravis.com\/wp-content\/uploads\/2025\/10\/ada9f814-5e53-4740-88ef-6803a08bc244-225x300.jpg 225w, https:\/\/nouveau.leglacierdesaravis.com\/wp-content\/uploads\/2025\/10\/ada9f814-5e53-4740-88ef-6803a08bc244.jpg 838w\" sizes=\"auto, (max-width: 768px) 100vw, 768px\" \/><\/figure>\n\n\n\n<h2 class=\"wp-block-heading has-text-align-center\">Fruits Glac\u00e9s<\/h2>\n\n\n\n<p>Mes fruits glac\u00e9s en trompe-l\u2019\u0153il sont un m\u00e9lange de d\u00e9couverte gustative et, entre glace et sorbet, il y a tout pour ravir vos papilles !<\/p>\n<\/div>\n<\/div>\n\n\n\n<p><\/p>\n","protected":false},"excerpt":{"rendered":"<p>Les Chocolats glac\u00e9s Je cr\u00e9e chaque chocolat glac\u00e9 avec soin, pour marier finesse, onctuosit\u00e9 et gourmandise. Bacs de glace et sorbet Mes glaces et sorbets sont faits maison, avec du lait frais des fermes locales et des fruits 100\u202f% naturels. Les Verrines glac\u00e9es Je compose chaque verrine glac\u00e9e pour offrir un dessert pr\u00eat \u00e0 savourer, [&hellip;]<\/p>\n","protected":false},"author":1,"featured_media":0,"parent":0,"menu_order":0,"comment_status":"closed","ping_status":"closed","template":"","meta":{"footnotes":""},"class_list":["post-12","page","type-page","status-publish","hentry"],"blocksy_meta":{"has_hero_section":"disabled","styles_descriptor":{"styles":{"desktop":"","tablet":"","mobile":""},"google_fonts":[],"version":6}},"_links":{"self":[{"href":"https:\/\/nouveau.leglacierdesaravis.com\/index.php\/wp-json\/wp\/v2\/pages\/12","targetHints":{"allow":["GET"]}}],"collection":[{"href":"https:\/\/nouveau.leglacierdesaravis.com\/index.php\/wp-json\/wp\/v2\/pages"}],"about":[{"href":"https:\/\/nouveau.leglacierdesaravis.com\/index.php\/wp-json\/wp\/v2\/types\/page"}],"author":[{"embeddable":true,"href":"https:\/\/nouveau.leglacierdesaravis.com\/index.php\/wp-json\/wp\/v2\/users\/1"}],"replies":[{"embeddable":true,"href":"https:\/\/nouveau.leglacierdesaravis.com\/index.php\/wp-json\/wp\/v2\/comments?post=12"}],"version-history":[{"count":6,"href":"https:\/\/nouveau.leglacierdesaravis.com\/index.php\/wp-json\/wp\/v2\/pages\/12\/revisions"}],"predecessor-version":[{"id":161,"href":"https:\/\/nouveau.leglacierdesaravis.com\/index.php\/wp-json\/wp\/v2\/pages\/12\/revisions\/161"}],"wp:attachment":[{"href":"https:\/\/nouveau.leglacierdesaravis.com\/index.php\/wp-json\/wp\/v2\/media?parent=12"}],"curies":[{"name":"wp","href":"https:\/\/api.w.org\/{rel}","templated":true}]}}

Les Créations

<div class="wp-block-cover"><img loading="lazy" decoding="async" width="1024" height="683" class="wp-block-cover__image-background wp-image-64 size-large" alt="" src="https://nouveau.leglacierdesaravis.com/wp-content/uploads/2025/10/2025-Fruits-Glace-Myrtille-1024x683.jpg" data-object-fit="cover" srcset="https://nouveau.leglacierdesaravis.com/wp-content/uploads/2025/10/2025-Fruits-Glace-Myrtille-1024x683.jpg 1024w, https://nouveau.leglacierdesaravis.com/wp-content/uploads/2025/10/2025-Fruits-Glace-Myrtille-300x200.jpg 300w, https://nouveau.leglacierdesaravis.com/wp-content/uploads/2025/10/2025-Fruits-Glace-Myrtille-768x512.jpg 768w, https://nouveau.leglacierdesaravis.com/wp-content/uploads/2025/10/2025-Fruits-Glace-Myrtille-1536x1024.jpg 1536w, https://nouveau.leglacierdesaravis.com/wp-content/uploads/2025/10/2025-Fruits-Glace-Myrtille-2048x1365.jpg 2048w" sizes="auto, (max-width: 1024px) 100vw, 1024px" /><span aria-hidden="true" class="wp-block-cover__background has-background-dim" style="background-color:#807f80"></span><div class="wp-block-cover__inner-container is-layout-constrained wp-block-cover-is-layout-constrained">
<h1 class="wp-block-heading has-text-align-center has-palette-color-8-color has-text-color has-link-color wp-elements-e9e2532d62e75b95f4ef2954b88fa492" style="font-size:clamp(33.419px, 2.089rem + ((1vw - 3.2px) * 2.077), 60px);">Les Créations</h1>



<p class="has-text-align-center">J’imagine et je fabrique chaque création moi-même, avec des ingrédients naturels et tout mon savoir-faire d’artisan glacier.</p>



<blockquote class="wp-block-quote is-layout-flow wp-block-quote-is-layout-flow">
<p></p>
</blockquote>
</div></div>



<div class="wp-block-columns is-layout-flex wp-container-core-columns-is-layout-28f84493 wp-block-columns-is-layout-flex">
<div class="wp-block-column is-layout-flow wp-block-column-is-layout-flow">
<figure class="wp-block-image size-large"><img loading="lazy" decoding="async" width="768" height="1024" src="https://nouveau.leglacierdesaravis.com/wp-content/uploads/2025/10/Ballotin-chocolats-768x1024.jpg" alt="" class="wp-image-70" srcset="https://nouveau.leglacierdesaravis.com/wp-content/uploads/2025/10/Ballotin-chocolats-768x1024.jpg 768w, https://nouveau.leglacierdesaravis.com/wp-content/uploads/2025/10/Ballotin-chocolats-225x300.jpg 225w, https://nouveau.leglacierdesaravis.com/wp-content/uploads/2025/10/Ballotin-chocolats-1152x1536.jpg 1152w, https://nouveau.leglacierdesaravis.com/wp-content/uploads/2025/10/Ballotin-chocolats.jpg 1200w" sizes="auto, (max-width: 768px) 100vw, 768px" /></figure>



<h2 class="wp-block-heading has-text-align-center">Les Chocolats glacés</h2>



<p class="has-text-align-center">Je crée chaque chocolat glacé avec soin, pour marier finesse, onctuosité et gourmandise.</p>
</div>



<div class="wp-block-column is-layout-flow wp-block-column-is-layout-flow">
<figure class="wp-block-image size-large"><img loading="lazy" decoding="async" width="768" height="1024" src="https://nouveau.leglacierdesaravis.com/wp-content/uploads/2025/10/Cremes-glacees-768x1024.jpg" alt="" class="wp-image-72" srcset="https://nouveau.leglacierdesaravis.com/wp-content/uploads/2025/10/Cremes-glacees-768x1024.jpg 768w, https://nouveau.leglacierdesaravis.com/wp-content/uploads/2025/10/Cremes-glacees-225x300.jpg 225w, https://nouveau.leglacierdesaravis.com/wp-content/uploads/2025/10/Cremes-glacees-1152x1536.jpg 1152w, https://nouveau.leglacierdesaravis.com/wp-content/uploads/2025/10/Cremes-glacees-1536x2048.jpg 1536w, https://nouveau.leglacierdesaravis.com/wp-content/uploads/2025/10/Cremes-glacees-scaled.jpg 1920w" sizes="auto, (max-width: 768px) 100vw, 768px" /></figure>



<h2 class="wp-block-heading has-text-align-center">Bacs de glace et sorbet</h2>



<p class="has-text-align-center">Mes glaces et sorbets sont faits maison, avec du lait frais des fermes locales et des fruits 100 % naturels.</p>
</div>



<div class="wp-block-column is-layout-flow wp-block-column-is-layout-flow">
<figure class="wp-block-image size-large"><img loading="lazy" decoding="async" width="768" height="1024" src="https://nouveau.leglacierdesaravis.com/wp-content/uploads/2025/10/IMG_0783-768x1024.jpg" alt="" class="wp-image-73" srcset="https://nouveau.leglacierdesaravis.com/wp-content/uploads/2025/10/IMG_0783-768x1024.jpg 768w, https://nouveau.leglacierdesaravis.com/wp-content/uploads/2025/10/IMG_0783-225x300.jpg 225w, https://nouveau.leglacierdesaravis.com/wp-content/uploads/2025/10/IMG_0783-1152x1536.jpg 1152w, https://nouveau.leglacierdesaravis.com/wp-content/uploads/2025/10/IMG_0783-1536x2048.jpg 1536w, https://nouveau.leglacierdesaravis.com/wp-content/uploads/2025/10/IMG_0783-scaled.jpg 1920w" sizes="auto, (max-width: 768px) 100vw, 768px" /></figure>



<h2 class="wp-block-heading has-text-align-center">Les Verrines glacées</h2>



<p class="has-text-align-center">Je compose chaque verrine glacée pour offrir un dessert prêt à savourer, gourmand et élégant.</p>
</div>
</div>



<div class="wp-block-columns is-layout-flex wp-container-core-columns-is-layout-28f84493 wp-block-columns-is-layout-flex">
<div class="wp-block-column is-layout-flow wp-block-column-is-layout-flow">
<div class="wp-block-columns is-layout-flex wp-container-core-columns-is-layout-28f84493 wp-block-columns-is-layout-flex">
<div class="wp-block-column is-layout-flow wp-block-column-is-layout-flow" style="flex-basis:100%">
<figure class="wp-block-image size-large"><img loading="lazy" decoding="async" width="577" height="1024" src="https://nouveau.leglacierdesaravis.com/wp-content/uploads/2025/10/c42a3e01-3f95-4b26-b8ef-4d13ef507ced-577x1024.jpg" alt="" class="wp-image-78" srcset="https://nouveau.leglacierdesaravis.com/wp-content/uploads/2025/10/c42a3e01-3f95-4b26-b8ef-4d13ef507ced-577x1024.jpg 577w, https://nouveau.leglacierdesaravis.com/wp-content/uploads/2025/10/c42a3e01-3f95-4b26-b8ef-4d13ef507ced-169x300.jpg 169w, https://nouveau.leglacierdesaravis.com/wp-content/uploads/2025/10/c42a3e01-3f95-4b26-b8ef-4d13ef507ced.jpg 634w" sizes="auto, (max-width: 577px) 100vw, 577px" /></figure>



<h2 class="wp-block-heading has-text-align-center">Vacherin</h2>



<p>Je prépare chaque vacherin à la main, en associant meringue croustillante, glace et sorbet et chantilly maison pour un dessert gourmand.</p>
</div>
</div>
</div>



<div class="wp-block-column is-layout-flow wp-block-column-is-layout-flow">
<figure class="wp-block-image size-large"><img loading="lazy" decoding="async" width="768" height="1024" src="https://nouveau.leglacierdesaravis.com/wp-content/uploads/2025/10/ada9f814-5e53-4740-88ef-6803a08bc244-768x1024.jpg" alt="" class="wp-image-77" srcset="https://nouveau.leglacierdesaravis.com/wp-content/uploads/2025/10/ada9f814-5e53-4740-88ef-6803a08bc244-768x1024.jpg 768w, https://nouveau.leglacierdesaravis.com/wp-content/uploads/2025/10/ada9f814-5e53-4740-88ef-6803a08bc244-225x300.jpg 225w, https://nouveau.leglacierdesaravis.com/wp-content/uploads/2025/10/ada9f814-5e53-4740-88ef-6803a08bc244.jpg 838w" sizes="auto, (max-width: 768px) 100vw, 768px" /></figure>



<h2 class="wp-block-heading has-text-align-center">Fruits Glacés</h2>



<p>Mes fruits glacés en trompe-l’œil sont un mélange de découverte gustative et, entre glace et sorbet, il y a tout pour ravir vos papilles !</p>
</div>
</div>



<p></p>

<p>Les Chocolats glacés Je crée chaque chocolat glacé avec soin, pour marier finesse, onctuosité et gourmandise. Bacs de glace et sorbet Mes glaces et sorbets sont faits maison, avec du lait frais des fermes locales et des fruits 100 % naturels. Les Verrines glacées Je compose chaque verrine glacée pour offrir un dessert prêt à savourer, [&hellip;]</p>
